 r**5/15 + 17*r**4/24 + 4*r**3/3 - r**2 + 15*r - 7. Determine a(3).
-4
Let a(n) = 12*n**2 - n**3 - 23 - 5*n**2 - 9 + 28 + 13*n. Calculate a(9).
-49
Let d(m) be the second derivative of -m**4/12 - 4*m**3/3 + 11*m**2 - 1367*m. Calculate d(-11).
-11
Let u be (-1)/(-3) - (-136)/6. Let x = u + -19. Let o(g) be the second derivative of g**4/6 - 2*g**3/3 - 10*g. Give o(x).
16
Let c(r) = 2 + 65 - 2375*r + 2385*r. Calculate c(-8).
-13
Suppose -x = 2, 2*l - 2*x - 14 - 8 = 0. Let p(d) = -2*d**2 + 6 - 3*d**2 + l*d**2 + d**2 + 3*d + d**3 - 11*d**2. What is p(5)?
-4
Suppose -q + 8 = -0*q. Let w be (q - 7)/(3/9). Let j(o) = 20*o**2 - 12*o + 10. Let v(s) = -14*s**2 + 8*s - 7. Let y(g) = 5*j(g) + 7*v(g). What is y(w)?
7
Let u(z) be the second derivative of 4*z**3 - 315*z**2/2 - 6*z + 211. Determine u(13).
-3
Let s be 1/(-2) + 7/2 + (-19 - 13). Let l(c) = -7*c - 170. What is l(s)?
33
Let u(m) = -15 + 1952*m**3 - 1953*m**3 - 3 + 5*m**2 + 7*m**2 - 3*m - 4*m**2. Calculate u(7).
10
Let g = 0 + 3. Suppose 2*v = -v + z + 10, -g*v - 4*z = 10. Let y(l) be the third derivative of 7*l**5/60 - l**4/8 + l**3/6 + 7*l**2 + 3. Calculate y(v).
23
Suppose 23 + 1861 = -157*d. Let f(u) = -u - 17. Determine f(d).
-5
Let l(k) be the third derivative of -k**9/30240 - k**8/10080 + k**7/5040 + k**6/720 + k**5 + 111*k**2. Let u(t) be the third derivative of l(t). Give u(-2).
7
Let n(u) = -4*u - 3. Let t be -1 + (-44)/10 + 32/80. Let q(y) = 5*y + 2. Let s(w) = t*q(w) - 6*n(w). Give s(6).
2
Let z(h) = -2278*h - 15 + 24 + 2277*h. Calculate z(-12).
21
Let b(i) = -5*i**2 - 6*i + 3. Let g(y) = -4*y**2 - 4*y + 2. Let k(x) = -3*b(x) + 4*g(x). Calculate k(4).
-9
Let a(x) = x**2 - 6*x - 5. Let f(y) = 3*y**3 - 21*y**2 - 55*y + 16. Let k be f(9). Determine a(k).
2
Let a(m) = 0 + 4*m + 0 - 3*m. Let w be (-63 + -31)*((-14)/4 - 0). Let q = w - 334. What is a(q)?
-5
Let u(k) = -21*k - 20*k + 123 - 33*k + 69*k + 5. What is u(25)?
3
Let i(v) = -3*v**2 - 11*v - 11. Let a = 57 + -55. Let r(b) = 2 + 5 + 3*b - b + 5*b + 2*b**a. Let f(h) = -5*i(h) - 8*r(h). Determine f(-3).
-7
Let r(o) = o**2 + 4*o - 5. Let f(l) = l**2 + 5*l - 4. Let a(g) = 4*f(g) - 3*r(g). Let v = -3370 - -4845. Let s be v/(-250) + 1/(-10). Calculate a(s).
-13
Let n(v) = v**2 + 4*v + 9. Let g(o) = 10*o + 10. Let a(f) = -2*g(f) + 3*n(f). Determine a(1).
2
Let m(q) be the second derivative of 2*q**3/3 - 18*q**2 - 6969*q. What is m(11)?
8
Let p(g) = -36*g - 8. Let y(f) = f**3 + 44*f**2 + 49*f + 256. Let i be y(-43). Give p(i).
64
Let q(x) = -16*x**2 + 14*x + 5 - 1 - 7. Let o(v) = v**2 - v + 1. Let r(m) = 6*o(m) + q(m). Let u(f) = -3*f**2 + 3*f + 1. Let k(y) = -2*r(y) + 7*u(y). Give k(4).
5
Let i(l) = l**3 - 8*l**2 - 7*l + 4. Let t(s) = -3*s**3 + 23*s**2 + 24*s - 13. Let g(k) = 8*i(k) + 3*t(k). What is g(6)?
53
Let t(p) = 36*p**2 - 68*p + 94. Let n(k) = -13*k**2 + 23*k - 31. Let h(l) = -14*n(l) - 5*t(l). What is h(2)?
8
Let w(x) = -x**2 - 8*x + 4. Let q(m) = 4*m - 2. Let o(c) = 4*q(c) + w(c). Suppose 4*l - h = 20, 4*l - 3 - 9 = 3*h. Determine o(l).
8
Let v(u) = 2*u + 52. Let y be 1*-25 - (-13 - -15)/(-2). Calculate v(y).
4
Let c(y) = -27*y**2 - 163*y + 5. Let o be c(-6). Let w(f) = 13*f + 13 + 1691*f**3 - 847*f**3 - 843*f**3 - 12*f**2. What is w(o)?
35
Let k(z) = 1. Let q(c) = -c. Let r(o) = -3*o - 6. Let j be r(-3). Suppose 4*x + x + 10 = -5*w, 0 = j*w. Let v(g) = x*k(g) - q(g). What is v(4)?
2
Let g(q) be the third derivative of q**5/24 - 5*q**4/24 + 107*q**3/3 + 245*q**2. Let n(o) be the first derivative of g(o). Give n(-4).
-25
Let a(l) = 4*l**3 - 8*l**2 + l - 4. Let s(j) be the first derivative of -j**4/4 - j + 6. Let o(z) = -a(z) - 3*s(z). Let d = -154 + 162. Determine o(d).
-1
Suppose -33*r + 1924 - 8590 = 0. Let t = r + 201. Let p(l) be the second derivative of 3*l**5/20 + l**4/12 + l**3/6 - l. Give p(t).
-3
Let m(b) = 64*b - 313. Suppose -2*z - 2*u = -6, 31 = 5*z - 5*u - 4. Calculate m(z).
7
Let r = -258 - -292. Let f(n) = -5*n + r - 2*n - 30. Calculate f(3).
-17
Suppose 12 = 6*d - 5*b - 11, 0 = -4*d + 3*b + 15. Let g(z) = 4*z - 4 - z + 5. What is g(d)?
10
Let s(o) = -o**2 + 2*o + 4. Let t be s(3). Suppose 2*l - t = 3. Let q(d) = -6*d**2 + 5*d**2 - 19*d**l. Give q(1).
-20
Let d(r) = -121*r + 1452. Let q be d(12). Let g(y) = -y + 1. Determine g(q).
1
Let a = -89 - -89. Let h(o) be the first derivative of o**2/2 - 15*o + 358. Give h(a).
-15
Suppose -4*d = 4*p - 32, 3*p = 217*d - 219*d + 19. Let i(k) = k**2 - 5*k - 5. What is i(p)?
-11
Let j = -245 + 248. Let w be j*10/(-255) - (-147)/(-51). Let y(h) = h - 1. Let a(o) = 7*o - 3. Let l(c) = -a(c) + 5*y(c). Give l(w).
4
Let y(u) be the second derivative of 1/6*u**3 + 1/24*u**4 - 25/2*u**2 + 0 + 2*u. Let o(v) be the first derivative of y(v). Determine o(-1).
0
Let p(l) = l**2 + 11*l + 6. Suppose -10 = -11*u + 45. Suppose -u*v - 48 = -w, -2*w - 56 = 5*v + w. What is p(v)?
-4
Let t(r) = 2*r - 5. Let m be (-24)/(-9)*(-153)/(-204). Give t(m).
-1
Let y(f) = f**2 + f**2 - 11 - 4*f**2 - 37*f - 9 + 5. Determine y(-18).
3
Let s(c) = 43*c - 16. Let j(w) = 20*w - 3. Let u(l) = 3*j(l) - s(l). What is u(-6)?
-95
Let n(o) = -o**3 - 6*o**2 + 7*o + 2. Let z be n(-7). Let a(x) = 3*x**2 + 2. Let q be a(z). Let p be 32/q - 6/21. Let v(s) = 2*s**3 - s - 2. Determine v(p).
12
Let f(r) = -3*r**2 - 4*r - 2. Let o be -4 + 7 + (-3 - (8 - 7)) - 2. Calculate f(o).
-17
Let w(p) = p**3 - 6*p**2 - 4*p + 9. Let r be (160/(-5))/4*(-1)/(-2). Let b(c) = -c. Let u be b(r). Suppose u*o - 12 = 12. What is w(o)?
-15
Suppose -39*l = -37*l - 4. Let g be (-20)/(-30) + 0 - l/(-6). Let p(b) = b + 2. Calculate p(g).
3
Let a(h) = 17*h**3 + h**2 - h - 1. Suppose 0 = -i - 2*z + 5*z + 24, 0 = -i + 5*z + 28. Suppose -2*f - 3 = -v, -v + i = -3*v - 8*f. Determine a(v).
-16
Let m(f) be the first derivative of f**3/3 + 3*f**2/2 - 15*f - 7. Let s be m(-6). Suppose 18 = -s*l + 5*l. Let i(r) = r**2 - 9*r + 9. Determine i(l).
9
Let l(g) = g**2 - 20*g + 86. Suppose 37 = -5*p - 9*v, v - 27 = 16*p - 21*p. Give l(p).
-5
Let z(i) = i**2 + 4*i - 1. Let o be (0 + 24)*(-4 - 54/(-12)). Suppose -31*a - o = -27*a. Determine z(a).
-4
Let t(s) = 14*s**2 - 61*s + 33. Let m(b) = 53*b**2 - 239*b + 133. Let y(h) = 6*m(h) - 23*t(h). Give y(-9).
-6
Let n(t) = 0*t**2 + 4*t**3 + 2*t + 2*t**2 - 3*t. Let w = -144 + 147. Suppose -95*z + w = -92*z. Determine n(z).
5
Let w(q) = -4*q**3 + q**2 + 1. Suppose 86*d - 82*d + 4 = -3*z, 12*z = 2*d + 2. Give w(d).
6
Let p(j) = 19*j + 18. Let y(z) = -52*z - 44. Let c(d) = -11*p(d) - 4*y(d). What is c(8)?
-30
Let z(g) = -6013 + 28*g + 6013 + 30*g - 59*g. What is z(6)?
-6
Let y be -7*(16/224)/((-3)/(-18)). Let o(d) = -2*d**2 - d + 18. Determine o(y).
3
Let t(d) be the third derivative of d**5/60 - d**4/4 + d**3/2 - d**2. Let r(a) = -4 + 5*a - 15*a**2 + 0*a**2 + 0*a + 23 + 2*a**3. Let x be r(7). Determine t(x).
-2
Let g = -23 - -21. Let t(p) be the third derivative of -p**4/12 - 2*p**3/3 + 41*p**2. Let c be t(g). Let u(o) = o - 1. Determine u(c).
-1
Let y(q) = -19*q**3 + 49*q**2 + 12*q + 79. Let g(i) = 12*i**3 - 32*i**2 - 7*i - 53. Let p(j) = 8*g(j) + 5*y(j). Give p(10).
-89
Suppose f + 5*g + 9 = 0, 85*f = 89*f + 4*g - 60. Let p(t) = -2*t**3 + 44*t**2 - 43*t - 1. Determine p(f).
-22
Suppose 0 = -5*i + 172 - 27. Let p = -26 + i. Let w(g) = 6 + 11*g + 3*g**2 - 5 + 3*g**p - 13*g - 4*g**3. Determine w(3).
-5
Let t(w) be the second derivative of -7*w**3/2 + 9*w**2/2 - 7982*w. Give t(4).
-75
Let s(z) be the first derivative of 3*z + 1 + 1 - 1 - z - z**2. Let o be (-3)/(-2)*(20 + (15 - 33)). Calculate s(o).
-4
Let t(a) = -2*a - 1. Let g(m) = -m**2 + 8*m - 14. Let k be g(6). Let j(z) = -21*z - 12. Let w(o) = k*j(o) + 22*t(o). Give w(7).
-12
Suppose 3*o = 2*o + 3. Let q(n) = n**2 - 3*n - 1. Let r be q(o). Let k(i) be the first derivative of -3*i**4 + 2*i**3/3 + i**2/2 - 5547. What is k(r)?
13
Let m(c) = -3*c + 9. Let o(i) = 50*i - 146. Let y(b) = 48*m(b) + 3*o(b). Determine y(5).
24
Let d(p) = -p**2 - 9*p - 9. Suppose 40 = -l + 43. Suppose l*v - 41 = -62. Determine d(v).
5
Let x(g) = -6*g**2 + 30*g - 4. Let u be x(4). Suppose -u = -16*r - 52. Let t(j) = -2*j**3 - j**2 + 4*j. Calculate t(r).
4
Let h = -2540 + 1424. Let q be h/(-81) + (-4)/(-18). Suppose -38 = -6*i - q. Let g(v) = v + 2. Determine g(i).
6
Let x = -125 - -123. Let o(r) = -r**